*m - 92. Determine q(-2).
240
Let h(i) = -i**3 + 9*i**2 - 4517*i + 18001. What is h(4)?
13
Let r(a) = 2018*a - 40353. What is r(20)?
7
Let k(g) = -43*g**3 - 6*g**2 + 69*g - 48. Determine k(3).
-1056
Let a(d) = -9378*d - 1209772. Determine a(-129).
-10
Let b(t) = 2*t**2 + 70*t + 1112. Give b(-14).
524
Let s(g) = 186*g + 40925. Calculate s(-220).
5
Let l(p) = 1964*p + 94086. Give l(-48).
-186
Let h(x) = 3843*x**2 - 61505*x + 277. Calculate h(16).
5
Let s(k) = 3*k**2 + 852*k + 19393. What is s(-25)?
-32
Let m(t) = 29318*t - 56. Calculate m(0).
-56
Let l(q) = -13*q**2 + 1292*q - 1791. Give l(98).
-27
Let i(u) = 2014*u - 30082. Give i(15).
128
Let m(r) = r**3 - 128*r**2 - 1401*r + 179305. Calculate m(128).
-23
Let p(c) = 13*c**2 - 406*c + 2641. Give p(22).
1
Let i(o) = 11*o**2 + 1623*o + 5614. Calculate i(-144).
-2
Let q(d) = -26741*d - 1149869. What is q(-43)?
-6
Let q(k) = -75*k - 533. Determine q(-4).
-233
Let f(k) = k**3 - 41*k**2 - 2255*k + 50112. Give f(64).
0
Let v(m) = -4*m**2 + 383*m - 4824. Calculate v(81).
-45
Let f(s) = 521*s - 53638. What is f(103)?
25
Let x(b) = -b**2 - 69*b - 178. Determine x(-7).
256
Let s(d) = 14309*d + 200433. Calculate s(-14).
107
Let z(p) = -4*p**3 - 3*p**2 + 45*p - 236. Determine z(6).
-938
Let f(w) = -5*w**3 - 1776*w**2 - 5666*w - 11970. Give f(-352).
-2
Let p(w) = -10*w**3 + 683*w**2 + 1903*w + 1039. Give p(71).
45
Let l(y) = y**2 - 1033*y + 91628. Calculate l(98).
-2
Let u(m) = 3*m**2 + 6093*m + 108690. Calculate u(-18).
-12
Let r(a) = -1255*a + 88180. Calculate r(71).
-925
Let f(l) = 15*l**2 + 189*l - 182. Determine f(-21).
2464
Let m(o) = o**3 + 280*o**2 - 823*o + 7026. Give m(-283).
-332
Let b(g) = -g**2 - 49414*g - 296405. Calculate b(-6).
43
Let w(r) = 1361*r - 390918. Calculate w(288).
1050
Let g(v) = v**2 + 609*v - 313693. Determine g(333).
-7
Let s(l) = -1044*l**2 - 5121*l - 10. Determine s(-5).
-505
Let q(x) = -3*x**3 + 69*x**2 + 16*x + 283. Determine q(24).
-1061
Let b(i) = 38*i**3 + 734*i**2 + 1492*i + 87. Give b(-17).
155
Let d(j) = 24669*j + 147985. Give d(-6).
-29
Let w(u) = 118*u**3 + 296*u**2 - 2474*u - 8. What is w(-6)?
4
Let g(s) = s**3 + 219*s**2 + 1691*s + 30. Calculate g(-8).
6
Let i(j) = -117*j**2 + 9826*j - 65. Give i(84).
-233
Let r(t) = -83*t + 5098. Determine r(21).
3355
Let l(u) = 8*u**2 - 822*u - 476. What is l(103)?
-270
Let t(o) = -17*o**3 + 24*o**2 + 122*o + 191. Calculate t(-6).
3995
Let t(m) = -m**2 + 2240*m + 56783. Determine t(-25).
158
Let l(n) = -11*n**2 + 112*n - 88. Determine l(7).
157
Let f(t) = -2020*t + 171692. Determine f(85).
-8
Let h(j) = -j**2 - 766*j - 19953. Determine h(-27).
0
Let t(v) = 2*v**3 + 55*v**2 - 671*v - 18073. Determine t(-28).
-69
Let j(o) = -39*o**2 + 470*o + 3278. Determine j(-5).
-47
Let f(z) = z**3 + 35*z**2 - 6093*z + 4782. Determine f(62).
-116
Let o(k) = 23*k**2 - 491*k - 1521. Calculate o(-3).
159
Let m(i) = -122*i**2 - 88*i - 8. Calculate m(-2).
-320
Let n(g) = -2*g**2 + 9681*g - 11129320. Determine n(1879).
-3
Let b(j) = j**2 + 251*j + 8232. Determine b(-38).
138
Let v(c) = c**3 + 55*c**2 + 801*c + 1212. What is v(-28)?
-48
Let b(k) = 57*k**2 + 961*k + 3665. Calculate b(-11).
-9
Let p(y) = -649*y**2 - 46729*y - 85. Calculate p(-72).
-13
Let a(x) = 83*x + 2771. What is a(-31)?
198
Let t(d) = d**2 - 111*d - 15130. Calculate t(189).
-388
Let h(v) = -4*v**2 + 67*v - 241. Calculate h(12).
-13
Let v(j) = 1348*j + 13576. Calculate v(-10).
96
Let j(b) = 25303*b + 126544. Give j(-5).
29
Let t(y) = 319*y - 19501. Determine t(65).
1234
Let c(m) = -5343*m + 5642. What is c(1)?
299
Let o(p) = -4049*p + 72462. What is o(18)?
-420
Let o(i) = -262536*i + 11289052. What is o(43)?
4
Let u(r) = -97*r**2 - 6177*r + 12340. Determine u(2).
-402
Let q(v) = -336*v**2 - 1543*v + 462. Calculate q(-6).
-2376
Let g(h) = -h**3 - 6*h**2 - 174*h - 1482. What is g(-15)?
3153
Let n(q) = -2*q**3 + 22*q**2 + 45*q - 735. Give n(9).
-6
Let q(k) = -k**3 - 3*k**2 + 208415*k - 416825. Give q(2).
-15
Let s(c) = -2339*c**2 - 32860*c - 1593. Calculate s(-14).
3
Let m(i) = 2*i**3 - 132*i**2 - 379*i - 2160. Determine m(69).
255
Let g(f) = -14951*f - 44838. Give g(-3).
15
Let t(z) = z**3 + 20*z**2 + 291*z + 5786. Give t(-20).
-34
Let t(b) = b**3 - 12*b**2 - 2226*b + 20273. What is t(9)?
-4
Let x(j) = j**2 + 242*j - 15237. Give x(52).
51
Let p(q) = -24*q**2 + 688*q + 4059. Calculate p(-5).
19
Let q(g) = 119*g + 17882. Give q(-143).
865
Let l(n) = -2702*n - 167398. What is l(-62)?
126
Let h(a) = 288384*a - 14995969. Calculate h(52).
-1
Let f(a) = -1103*a + 17612. Calculate f(16).
-36
Let u(i) = 2*i**3 + 127*i**2 - 67179*i - 4295357. What is u(-64)?
3
Let o(u) = -u**3 - 32*u**2 - 224*u + 35. Calculate o(-11).
-42
Let a(t) = -497*t + 2059. Calculate a(0).
2059
Let i(c) = -5*c**2 - 3913*c - 83989. What is i(-22)?
-323
Let p(j) = j**3 - 50*j**2 - 735*j + 3609. Give p(-15).
9
Let q(b) = 13287*b + 185873. Determine q(-14).
-145
Let g(p) = -4835*p + 53088. What is g(11)?
-97
Let b(u) = u**3 - 402*u**2 + 6177*u - 8. Calculate b(16).
8
Let i(c) = -35945*c - 71865. What is i(-2)?
25
Let p(y) = -60439*y + 1934003. What is p(32)?
-45
Let a(f) = -22*f**2 + 272*f - 1102. Give a(4).
-366
Let i(a) = a**2 - 1671*a - 269212. Calculate i(-148).
0
Let h(g) = -3*g**2 - 3732*g + 49020. Give h(13).
-3
Let y(g) = 8*g**2 - 209*g - 3945. Give y(37).
-726
Let o(r) = -568*r**2 + 5293*r - 1581. Calculate o(9).
48
Let m(q) = q**3 - 27*q**2 - 380*q - 1575. Calculate m(38).
-131
Let a(l) = 31*l - 1920. Determine a(115).
1645
Let h(f) = 1731*f**2 - 115958*f - 1223. Calculate h(67).
50
Let r(g) = -g**3 + 97*g**2 - 35*g + 3357. Determine r(97).
-38
Let i(p) = p**3 - 18*p**2 + 170*p - 3579. Give i(19).
12
Let t(k) = 18382*k - 55194. Give t(3).
-48
Let a(d) = 2*d**3 - 42*d**2 - 21*d - 319. Give a(22).
187
Let q(w) = -28552*w - 3340584. Give q(-117).
0
Let c(q) = q**2 - 286*q - 198584. Calculate c(-325).
-9
Let h(n) = 10*n**2 - 2037*n + 19210. Calculate h(10).
-160
Let k(i) = 12652*i + 12629. Calculate k(-1).
-23
Let s(l) = l**3 - 69*l**2 - 39013*l - 469. Calculate s(-166).
29
Let v(i) = i**2 + 3391*i + 163484. Give v(-49).
-274
Let w(q) = 45655*q - 821672. Calculate w(18).
118
Let c(m) = -m**3 - 214*m**2 - 10871*m + 176. Calculate c(-83).
10
Let q(p) = -404*p**2 + 315*p + 947. Determine q(-3).
-3634
Let y(u) = -u**3 - 49*u**2 + 705*u - 303. Give y(-61).
1344
Let k(y) = 19*y**2 - 4449*y + 260119. What is k(113)?
-7
Let q(t) = 2*t**2 + 1637*t + 324805. Determine q(-338).
-13
Let d(y) = 7833*y - 7843. Determine d(1).
-10
Let o(j) = -15967*j + 1149682. Calculate o(72).
58
Let j(k) = -1022*k - 63109. Calculate j(-62).
255
Let t(l) = 2*l**3 - 220*l**2 - 5*l - 678. What is t(110)?
-1228
Let j(s) = -3*s**3 + 75*s**2 + 95*s - 3035. What is j(24)?
973
Let b(c) = -197*c - 13851. Give b(-70).
-61
Let h(z) = -2505*z + 116214. Give h(47).
-1521
Let c(w) = 2*w**2 - 4394*w + 43778. Determine c(10).
38
Let q(k) = -1971*k + 17420. What is q(8)?
1652
Let y(p) = -1446*p - 76181. Give y(-53).
457
Let n(c) = 38804*c - 9390571. Determine n(242).
-3
Let o(n) = 45*n**3 - 449*n**2 + 2*n - 160. Determine o(10).
-40
Let c(u) = -3*u**3 - 2600*u - 5196. What is c(-2)?
28
Let g(k) = -232*k + 38874. Determine g(185).
-4046
Let l(v) = 9*v**3 + 3638*v**2 - 6557*v - 24772. Give l(-406).
-6
Let b(q) = -20*q**2 + 68*q - 71. Give b(4).
-119
Let g(x) = -5*x**3 - 68*x**2 - 122*x + 770. What is g(-9)?
5
Let z(p) = 64370*p - 450597. Give z(7).
-7
Let q(s) = -s**3 - 810*s**2 + 2730*s + 236509. Determine q(-813).
-74
Let k(v) = 352139*v - 6. Give k(0).
-6
Let g(f) = -f**3 + 76*f**2 + 87*f - 789. Calculate g(77).
-19
Let l(z) = z**3 + 59*z**2 + 367*z + 25. Give l(-52).
-131
Let s(t) = -636*t**3 - 3*t**2 - 18*t + 20. Calculate s(1).
-637
Let y(c) = 3*c**2 - 763*c - 17564. Determine y(278).
2174
Let i(w) = 245*w - 1430. Determine i(4).
-450
Let p(k) = k**2 + 2352*k - 100615. Calculate p(42).
-67
Let c(h) = -1916*h + 938836. Give c(490).
-4
Let c(f) = f**3 - 218*f**2 + 7391*f + 190. Calculate c(176).
14
Let a(c) = c**2 - 224*c - 102350. Determine a(-227).
27
Let j(m) = 538*m**3 - 10224*m**2 + 50*m - 206. Give j(19).
22
Let r(w) = -w**3 - 76*w**2 - 1607*w - 137520. What is r(-78)?
-6
Let g(u) = -2373*u - 87796. Give g(-37).
5
Let q(k) = -86*k**2 + 2934*k - 345. Wha